st common divisor of 12 and r?
12
Let q(i) = -2*i + 4. Let o be q(4). Let z be ((-2)/o)/(5/20). Let a be z/(4/(-6)) - -16. What is the greatest common factor of 117 and a?
13
Suppose -90*j = -95*j + 30. What is the highest common factor of j and 1?
1
Let f(u) = -u**3 - 8*u**2 + 2*u + 2. Let m be f(-9). Calculate the greatest common divisor of m and 13.
13
Let h = -10 - -17. Let c(z) be the first derivative of 7*z**2 + 2. Let i be c(2). What is the greatest common divisor of h and i?
7
Suppose 0*u = u. Let k(m) = -m**3 - m + 76. Let f be k(u). Suppose -3*z + l - 32 = -5*z, -4*z = 5*l - f. Calculate the greatest common divisor of z and 21.
7
Let i(s) = -10*s**3 + s**2. Let c be i(-1). What is the greatest common factor of 55 and c?
11
Suppose -4*v = 3*i - 240, 33 = -4*i + 5*v + 322. Calculate the highest common factor of 57 and i.
19
Suppose 3*j - 40 = -16. Calculate the greatest common factor of 128 and j.
8
Let q = 9 - 2. Let c = q + -4. Calculate the highest common divisor of c and 3.
3
Suppose -4*c + 2*n + 10 = 0, 8 = -4*c - 3*n + 3. Calculate the greatest common factor of c and 13.
1
Let q be -2*6*(-2 + 0). What is the highest common factor of 36 and q?
12
Suppose 5*j - 6 - 19 = 0. What is the highest common factor of j and 2?
1
Let n(v) = -v**2 + 13*v - 27. Let z be n(9). What is the highest common divisor of z and 9?
9
Suppose -2*f = -4 - 190. Suppose -337 = -5*i - f. Let l = i - 34. Calculate the greatest common divisor of 56 and l.
14
Let h be 6*(2/6 + 2). What is the greatest common divisor of 98 and h?
14
Suppose -2*v = 2*v - 224. Suppose -7*y - 198 + 247 = 0. What is the greatest common factor of v and y?
7
Suppose -n = -3*n + 4. Suppose -u + 4*b + 5 = -7, 0 = -5*u + n*b + 60. Calculate the highest common factor of 132 and u.
12
Suppose -o - 4*s + 16 = 0, -2*o + 23 = -0*o + 5*s. Calculate the highest common factor of o and 10.
2
Let y = -366 - -555. Let l = -32 - -53. Calculate the greatest common divisor of l and y.
21
Let u(l) = l**2 + 5*l - 5. Let k be u(-8). Suppose -h + 4*x - 1 = 0, -h = h - x - 33. Calculate the greatest common factor of k and h.
19
Let n = -1 - -2. Let p be 2 + (12/n - 1). Calculate the greatest common divisor of 117 and p.
13
Let y be (1 - 0)*(6 - 7). Let w = 0 - y. Let p be (-8 + 1)/(w - 2). What is the highest common factor of p and 49?
7
Suppose w - 150 = 3*t + 172, 2*w + 4*t - 634 = 0. What is the greatest common divisor of w and 29?
29
Let f be (-190)/(-25) - (3 + (-51)/15). Calculate the greatest common divisor of f and 16.
8
Suppose -275 = -0*d - 5*d. Calculate the greatest common factor of d and 11.
11
Let z(o) = o - 5. Let y = 13 + -3. Let w be z(y). Let s = w - -7. What is the highest common divisor of 6 and s?
6
Let r = 65 + -57. Suppose -2*y = -2*d - 6, 3*y - 11 = y - 3*d. Calculate the highest common factor of r and y.
4
Let j(w) = w**2 + 4*w + 2 + 2*w + 2. Let a be j(-6). Let d be (-10)/(-5)*2/4. Calculate the greatest common factor of a and d.
1
Suppose -15*g - 105 = -22*g. Calculate the greatest common factor of g and 240.
15
Suppose 4*t + 18 = -2*j, -t - j - 11 = 2*t. Let s(d) = -2*d - 2. Let k be s(t). Suppose -23 - 7 = -k*i. Calculate the greatest common divisor of i and 105.
15
Suppose -4*v + v + 10 = -l, 4*l = 3*v + 5. Suppose -3*u + 2*u = 0. Let z be (u - -2)/((-4)/(-10)). Calculate the greatest common divisor of z and l.
5
Let i(c) = -48*c**3 - 2*c - 2. Let b be i(-1). Calculate the highest common factor of 24 and b.
24
Let v be 364/10 - 2/5. Suppose g = v + 13. Suppose 2*s = -5*u - g + 131, -5*u - 3*s + 78 = 0. What is the greatest common factor of u and 45?
9
Let o(g) = -2*g**3 + 3*g**2 - 2*g + 4. Let n be o(-3). Calculate the highest common factor of 13 and n.
13
Suppose 7*t + 130 = 9*t. Suppose -3*r = t - 317. What is the highest common divisor of 12 and r?
12
Suppose s = 3 + 7. Suppose 4*k + 35 = -53. Let m = k - -37. Calculate the greatest common divisor of s and m.
5
Let n(h) = h**2 + 16*h - 77. Let m be n(-20). Calculate the greatest common factor of 48 and m.
3
Let o be ((-10)/(-3))/((-1)/(-3)). Let m = 359 - 29. Suppose -3*k + 0*k = -m. What is the greatest common factor of k and o?
10
Let t = 44 - 26. What is the greatest common divisor of 36 and t?
18
Let t(v) = 2*v + 6*v - 2*v**2 + v**2 + 2. Let u be t(7). What is the highest common factor of u and 45?
9
Let r be ((-6)/(-4))/(6/8)*3. What is the highest common divisor of r and 24?
6
Let t be 2 + 7/((-7)/(-240)). What is the highest common divisor of t and 22?
22
Let d = 163 - 295. Let z = d + 249. Calculate the greatest common factor of z and 13.
13
Suppose 0*s - 5*f - 9 = 2*s, 2*s - 41 = 5*f. Calculate the highest common factor of s and 20.
4
Suppose 0*r - 3*r + 90 = 0. Calculate the greatest common factor of r and 30.
30
Let w = 192 - 71. Suppose -3*r + 12 = -0. Suppose -2*t = -f - 21, -3*t - r*f = 14 - 51. Calculate the highest common divisor of w and t.
11
Let j be (4 + -2)*150/12. Suppose -30 = -0*k - 3*k. What is the greatest common factor of j and k?
5
Suppose -g + 6 = -2. Suppose 4*b + 4 - g = 0. Let q(j) = 36*j**3 - 2*j**2 + 2*j - 1. Let n be q(b). Calculate the highest common factor of n and 5.
5
Suppose 0*p + 196 = 2*d - p, -3*d + 299 = p. Calculate the greatest common divisor of d and 11.
11
Let t be 16/6*2430/36. Calculate the highest common divisor of 36 and t.
36
Let c = -7 - -12. Suppose c*v = j + 13, 4*j + 5*v + 4 = 27. Suppose 4*n - 4*l = 400, -3*n - j*l + 270 = l. Calculate the highest common factor of 19 and n.
19
Let t(b) = 5*b + 29. Let k(h) = -2*h - 15. Let m(q) = -7*k(q) - 3*t(q). Let p be m(13). What is the greatest common divisor of 35 and p?
5
Suppose -13*q = -11*q - 880. Calculate the highest common factor of q and 55.
55
Let m be (-1188)/30 + (-2)/5. Let h be 114/10 + 16/m. Suppose 5*o = -0*o - 4*x + 287, 153 = 3*o - 4*x. What is the highest common factor of o and h?
11
Suppose -y = -10 - 4. Calculate the greatest common divisor of y and 182.
14
Let a(c) be the third derivative of c**6/40 - c**5/20 + c**4/6 - c**2. Let n be a(4). Calculate the highest common divisor of n and 20.
20
Let f be 27 + (-1)/((-1)/(-3)). Let m(z) = z + 16. Let i be m(0). Calculate the highest common divisor of i and f.
8
Let n be (27/(-27))/((-2)/68). Calculate the highest common divisor of 306 and n.
34
Let y = 2 - 4. Let o be 0*(y - -5)/3. Suppose o*l = -l + 7. Calculate the highest common divisor of l and 1.
1
Let c be ((-24)/(0 - 3))/(-1). Let g(k) = k**2 + k - 11. Let f be g(c). Suppose -9 = 2*w - f. What is the highest common divisor of w and 2?
2
Let b(a) = -a**3 - 2. Let o be b(-2). Let l = -4 + o. What is the greatest common divisor of l and 4?
2
Let q = -90 + 121. Calculate the highest common divisor of q and 217.
31
Suppose 228 = 5*f + 68. Calculate the greatest common divisor of 32 and f.
32
Suppose -4*q - 64 = -3*l, 93 + 33 = 5*l + 3*q. Calculate the greatest common factor of 16 and l.
8
Suppose 2*c + 2*c = 56. Calculate the greatest common divisor of 42 and c.
14
Let b be (-2)/4 + (-10)/4. Let u be 7*(162/(-2))/b. Calculate the highest common divisor of u and 21.
21
Suppose 4*z - 16 = -0*z. What is the greatest common divisor of z and 32?
4
Suppose -3*t + 18 = -2*f, -6*t + 36 = -4*f - 2*t. Let m = f + 24. What is the greatest common divisor of 60 and m?
15
Let z = 119 - 72. What is the highest common factor of 329 and z?
47
Suppose -3*p + 5*x = -21, 0 = p - 2*x - 2*x - 7. Let f(g) = 7 - p + 18*g. Let o be f(1). Calculate the highest common factor of o and 72.
18
Let r be ((-10)/(-2))/(0 + 1). Let g(b) = b**2 + 5*b + 1. Let a be g(-6). Let y be (a + -4)*2/6. Calculate the greatest common factor of r and y.
1
Let a be (1/(-1) - 33/2)*-2. Calculate the highest common factor of 7 and a.
7
Let a(z) = -z**3 + 5*z**2 + 6*z + 3. Let q be a(6). Let g be (2/q)/(2/6). Suppose -g*b = -29 - 19. What is the greatest common factor of 60 and b?
12
Let z = -94 + 122. Calculate the highest common factor of z and 42.
14
Let t be 2/3 + (-18)/(-54). Let b(y) = 209*y + 1. Let m be b(t). Calculate the highest common divisor of m and 30.
30
Let a be 3479/77 + 6/(-33). What is the greatest common divisor of 5 and a?
5
Suppose f = 3*c - 12, -f - c - 3*c + 23 = 0. What is the highest common factor of f and 24?
3
Let w(s) = 19*s